git of 2230810?
1
What is the hundred thousands digit of 245728?
2
What is the thousands digit of 656480?
6
What is the millions digit of 1725354?
1
What is the thousands digit of 124640?
4
What is the tens digit of 2246772?
7
What is the thousands digit of 1393138?
3
What is the tens digit of 445050?
5
What is the hundred thousands digit of 194257?
1
What is the units digit of 242641?
1
What is the thousands digit of 2208733?
8
What is the millions digit of 6101656?
6
What is the units digit of 20429962?
2
What is the hundred thousands digit of 327229?
3
What is the millions digit of 20855973?
0
What is the units digit of 389906?
6
What is the ten thousands digit of 1747128?
4
What is the tens digit of 8613854?
5
What is the units digit of 17274966?
6
What is the units digit of 76162?
2
What is the tens digit of 11538643?
4
What is the hundred thousands digit of 474766?
4
What is the hundreds digit of 333591?
5
What is the hundred thousands digit of 491629?
4
What is the thousands digit of 31294?
1
What is the millions digit of 34811417?
4
What is the units digit of 24322?
2
What is the ten thousands digit of 204822?
0
What is the thousands digit of 82573?
2
What is the units digit of 2123901?
1
What is the ten thousands digit of 1389121?
8
What is the ten thousands digit of 507755?
0
What is the tens digit of 96833?
3
What is the units digit of 354126?
6
What is the hundred thousands digit of 105840?
1
What is the thousands digit of 667894?
7
What is the hundreds digit of 695918?
9
What is the units digit of 187300?
0
What is the tens digit of 840064?
6
What is the hundreds digit of 226702?
7
What is the hundred thousands digit of 613775?
6
What is the tens digit of 680365?
6
What is the tens digit of 1972357?
5
What is the thousands digit of 5694670?
4
What is the ten thousands digit of 111139?
1
What is the hundreds digit of 26015189?
1
What is the thousands digit of 70162?
0
What is the thousands digit of 9691746?
1
What is the millions digit of 4620220?
4
What is the units digit of 653363?
3
What is the units digit of 1830369?
9
What is the hundred thousands digit of 420961?
4
What is the hundred thousands digit of 10458545?
4
What is the hundreds digit of 1117546?
5
What is the hundred thousands digit of 5151931?
1
What is the thousands digit of 32863839?
3
What is the thousands digit of 6622723?
2
What is the ten thousands digit of 45279?
4
What is the millions digit of 5922056?
5
What is the millions digit of 2581744?
2
What is the millions digit of 5079787?
5
What is the thousands digit of 524002?
4
What is the units digit of 15331?
1
What is the hundreds digit of 901057?
0
What is the ten thousands digit of 2465111?
6
What is the thousands digit of 5946587?
6
What is the hundred thousands digit of 7015891?
0
What is the hundred thousands digit of 408351?
4
What is the ten millions digit of 17510174?
1
What is the hundred thousands digit of 124153?
1
What is the millions digit of 5584686?
5
What is the tens digit of 2728396?
9
What is the units digit of 96122?
2
What is the tens digit of 6789870?
7
What is the hundred thousands digit of 1984878?
9
What is the hundreds digit of 14987366?
3
What is the tens digit of 178173?
7
What is the thousands digit of 389117?
9
What is the thousands digit of 5298219?
8
What is the hundreds digit of 27297675?
6
What is the units digit of 123356?
6
What is the millions digit of 13962977?
3
What is the hundreds digit of 5667390?
3
What is the units digit of 1090145?
5
What is the millions digit of 4106242?
4
What is the hundred thousands digit of 1921284?
9
What is the thousands digit of 9002041?
2
What is the ten millions digit of 17512790?
1
What is the hundreds digit of 650585?
5
What is the tens digit of 1235575?
7
What is the tens digit of 9372172?
7
What is the ten thousands digit of 1644928?
4
What is the units digit of 1389538?
8
What is the ten thousands digit of 3790291?
9
What is the thousands digit of 1659891?
9
What is the tens digit of 78732?
3
What is the ten thousands digit of 212156?
1
What is the units digit of 114214?
4
What is the hundreds digit of 7271804?
8
What is the millions digit of 1071528?
1
What is the thousands digit of 50985?
0
What is the thousands digit of 13941?
3
What is the units digit of 11507088?
8
What is the ten millions digit of 14738626?
1
What is the units digit of 38073062?
2
What is the tens digit of 455711?
1
What is the ten millions digit of 15893531?
1
What is the hundred thousands digit of 299453?
2
What is the hundreds digit of 891233?
2
What is the hundreds digit of 1841663?
6
What is the tens digit of 451830?
3
What is the thousands digit of 739688?
9
What is the units digit of 59937?
7
What is the tens digit of 528799?
9
What is the ten thousands digit of 38697?
3
What is the thousands digit of 16773?
6
What is the hundred thousands digit of 6168489?
1
What is the hundred thousands digit of 497817?
4
What is the ten thousands digit of 238927?
3
What is the units digit of 3033467?
7
What is the tens digit of 16431304?
0
What is the thousands digit of 30974?
0
What is the millions digit of 23087238?
3
What is the ten thousands digit of 921669?
2
What is the tens digit of 75618?
1
What is the ten thousands digit of 2164994?
6
What is the ten thousands digit of 86944?
8
What is the ten thousands digit of 3963377?
6
What is the units digit of 13699980?
0
What is the ten thousands digit of 39053350?
5
What is the units digit of 3229948?
8
What is the thousands digit of 6212910?
2
What is the units digit of 31115392?
2
What is the ten thousands digit of 4146679?
4
What is the units digit of 6205496?
6
What is the hundred thousands digit of 8581049?
5
What is the tens digit of 6253515?
1
What is the ten thousands digit of 1793383?
9
What is the ten thousands digit of 238304?
3
What is the hundreds digit of 1581854?
8
What is the hundreds digit of 372208?
2
What is the hundreds digit of 66007?
0
What is the tens digit of 15261?
6
What is the hundreds digit of 4134780?
7
What is the hundred thousands digit of 22570867?
5
What is the tens digit of 5658?
5
What is the thousands digit of 310379?
0
What is the tens digit of 312760?
6
What is the tens digit of 2292887?
8
What is the tens digit of 939184?
8
What is the hundreds digit of 11348159?
1
What is the ten thousands digit of 6430489?
3
What is the hundred thousands digit of 161600?
1
What is the tens digit of 1963317?
1
What is the ten thousands digit of 11713090?
1
What is the thousands digit of 10902158?
2
What is the hundred thousands digit of 254079?
2
What is the millions digit of 10529099?
0
What is the hundreds digit of 365519?
5
What is the hundreds digit of 2859544?
5
What is the hundred thousands digit of 8714458?
7
What is the hundred thousands digit of 8271956?
2
What is the tens digit of 9359610?
1
What is the ten thousands digit of 211509?
1
What is the thousands digit of 637487?
7
What is the units digit of 22169047?
7
What is the ten thousands digit of 5136960?
3
What is the tens digit of 3860968?
6
What is the hundreds digit of 7261206?
2
What is the hundred thousands digit of 1637270?
6
What is the millions digit of 21766776?
1
What is the units digit of 1386264?
4
What is the millions digit of 2176786?
2
What is the tens digit of 758318?
1
What is the hundred thousands digit of 135656?
1
What is the thousands digit of 2895008?
5
What is the thousands digit of 8191775?
1
What is the units digit of 63236?
6
What is the millions digit of 4890483?
4
What is the thousands digit of 16534289?
4
What is the tens digit of 1691005?
0
What is the hundreds digit of 1691764?
7
What is the hundreds digit of 12694548?
5
What is the tens digit of 365047?
4
What is the hundreds digit of 29784?
7
What is the thousands digit of 3059638?
9
What is the ten millions digit of 12893785?
1
What is the units digit of 415967?
7
What is the hundred thousands digit of 189605?
1
What is the tens digit of 8367005?
0
What is the tens digit of 759962?
6
What is the hundreds digit of 317964?
9
What is the units digit of 224539?
9
What is the units digit of 342546?
6
What is the hundreds digit of 5505818?
8
What is the hundred thousands digit of 3867886?
8
What is the millions digit of 2364594?
2
What is the tens dig